 of 7 and v?
7
Let j = 47 + -62. Let i be 355/25 + 3/j. What is the highest common factor of 126 and i?
14
Let l(j) = -72*j**3 + j**2 - 6*j - 7. Let o be l(-1). Calculate the greatest common factor of 126 and o.
18
Let p(m) = 1493*m**2 - 4*m + 1. Let g be p(1). Calculate the highest common factor of g and 10.
10
Let d = 321 - -639. Calculate the highest common factor of d and 15.
15
Let o(d) = 3*d + 3. Let l be o(-3). Let j = 11 + l. Suppose -4*n + 144 = 3*y - j*n, -48 = -y - 4*n. Calculate the greatest common divisor of 12 and y.
12
Suppose 0 = 5*p + 853 + 987. Let r = p - -629. Calculate the greatest common divisor of 29 and r.
29
Let t = -4 - -30. Let z = t + -22. Let k be z + -3 + 10 - 1. What is the highest common factor of 60 and k?
10
Let f = 32 - 27. Suppose -3*v = 4*n - 5, -43 = -f*v - 0*n + 2*n. Let u = 235 - 158. Calculate the greatest common factor of u and v.
7
Let x = -15 - -11. Let b(h) = -h**2 - 5*h + 1. Let v be b(x). Suppose -v*j = 5*o - 40, 5*j + 3*o - 45 + 13 = 0. Calculate the highest common factor of j and 16.
4
Let o(l) = -26*l + 5. Let s be o(0). What is the highest common factor of 40 and s?
5
Let f be ((-3)/(-5))/(43/1290). Suppose 527 = -8*b + 2399. What is the highest common factor of f and b?
18
Suppose -5*z + 8*p = 3*p - 75, 0 = -5*z + 3*p + 83. Suppose 2*w = -5 + z. What is the greatest common factor of 14 and w?
7
Suppose -5*t + 51 = -69. Let b = 67 + 29. Calculate the highest common factor of t and b.
24
Let b(z) = -z**2 + 14*z - 22. Let a be b(12). Suppose -13 = -a*t + 5. What is the greatest common factor of 72 and t?
9
Suppose 3*w + 2*z = 64, 4*w + 4 = 5*w + 5*z. Suppose -8*t + 480 = -4*t. What is the greatest common divisor of w and t?
24
Let w be 792/12*1/3. Let d = -20 + w. Suppose 5*g - 3*f = 19, -13 = -g + d*g + 5*f. Calculate the highest common divisor of g and 3.
1
Let p = -4 - -9. Suppose 0 = 2*v + 2*s - p*s - 154, 2 = s. Suppose 3*f = 5*f - v. What is the greatest common factor of f and 20?
20
Suppose 3*t + 3*b - 137 = 5*b, -4*t + 181 = -3*b. Let j = 56 - 35. Let z = t - j. What is the greatest common factor of 42 and z?
14
Let w(g) = 8 + 4*g - 24 + 4*g. Let d be w(5). Suppose 5*q + 4*v = 292, 0 = 5*q + 2*v - 6*v - 308. What is the greatest common factor of q and d?
12
Suppose -7*y + 2*y = 0. Let v(k) = k + 16. Let u be v(y). What is the greatest common factor of u and 4?
4
Suppose 79 - 1 = -2*w. Let a = -24 - w. Calculate the highest common factor of 15 and a.
15
Let c(k) = -k**2 - 4. Let t be c(0). Let s(x) = -2*x**2 - 9*x + 5. Let y be s(t). Let h = 76 - 22. What is the greatest common factor of y and h?
9
Suppose -4*a + 72 + 460 = 0. Let w = a - 91. What is the greatest common divisor of w and 105?
21
Suppose 2*m + 9*g = 10*g + 32, 0 = m - 3*g - 26. Calculate the highest common factor of m and 518.
14
Let d be 3/1 + 33 - -1. Let m be 275/(-15)*-1 + (-2)/(-3). Let a = 56 - m. What is the greatest common factor of d and a?
37
Let u = -5 + 19. Let q = u + -10. Let o = q + -1. What is the greatest common factor of o and 2?
1
Suppose 4*h + 4*s - 496 = 0, 5*h - 3*s = 445 + 215. Suppose 41 = 5*l - h. Suppose -32*k = -l*k + 12. Calculate the greatest common factor of 66 and k.
6
Let g(i) = -i**2 - 29*i + 178. Let h be g(-26). Calculate the highest common divisor of 8 and h.
8
Let y be 18/5 - 10/(-25). Let p be (288/10 - y) + (-1)/(-5). Calculate the greatest common factor of 25 and p.
25
Let h(t) = -7*t**3 - 3*t**2 + 4*t - 2. Let v be h(2). Let u = -30 - v. What is the greatest common factor of u and 16?
16
Suppose 0 = -y - 1 + 5. Suppose 2 = -z, 3*g - z - 22 = 112. What is the highest common factor of g and y?
4
Let f = -220 + 325. Calculate the highest common divisor of f and 168.
21
Let l(w) = 41*w - 49. Let p be l(7). What is the highest common factor of p and 14?
14
Let v(c) = -c - 43. Let d be v(0). Let w = 76 + d. Calculate the highest common factor of 3 and w.
3
Let y(z) = -2*z + 9. Suppose -3*c = c. Let s be y(c). Suppose s*o - 32 = 5*o. Calculate the greatest common divisor of o and 2.
2
Suppose 16 = -3*f - f. Let r = f + 17. Suppose q - 104 = 4*t, -4*q + 524 = -2*t + 108. Calculate the greatest common factor of r and q.
13
Suppose 18*a + x = 17*a + 13, -3*a + 5*x = -79. Suppose 0*y + 4*y = 576. Calculate the greatest common divisor of a and y.
18
Let r = 703 - 665. What is the highest common divisor of 608 and r?
38
Let a(g) = g + 2. Let o be a(14). Let d be (16/6)/(1/18). Calculate the greatest common factor of d and o.
16
Suppose -3*n - 46 = o, -3*o - 30 = 4*n + 23. Let r(q) = q**2 + 19*q + 37. Let u be r(n). Let c = -3 - -4. What is the greatest common factor of c and u?
1
Let g = 13 - -14. Let s(y) = y**2 + 14*y - 29. Let u be s(-16). What is the highest common divisor of u and g?
3
Suppose -2 = 4*n - 22. Suppose 322 = n*j - 4*r, -6*r + r + 142 = 2*j. Suppose 0 = f + f - j. What is the greatest common factor of f and 66?
33
Let q(h) = h**2 + 23*h + 114. Let g be q(-23). Calculate the highest common divisor of 12 and g.
6
Suppose 0 = 29*k - 30*k + 1635. What is the highest common divisor of 15 and k?
15
Suppose 319 = 17*b - 4. Calculate the greatest common factor of 437 and b.
19
Let x be (-1 - -7)/(3/123). Let i(y) = 3*y**3 - 2*y**2 - 13*y + 12. Let n be i(6). Let t = n - x. Calculate the greatest common divisor of 24 and t.
24
Let y be (-11)/(3/138*-2). Let n(d) = -11*d**2 - 2*d - 5. Let w be n(-4). Let m = w + y. What is the greatest common divisor of m and 10?
10
Suppose 11*g = 8*g + 648. Suppose -53*d + 50*d = -g. What is the highest common factor of 36 and d?
36
Suppose -216 = 4*g + 384. Let k be (-5 - 1)*g/12. What is the highest common divisor of 15 and k?
15
Let g(n) = -n**2 - 9*n - 4. Let y be g(-8). Suppose -64 = -4*d - 2*m, -d = m - y*m - 9. Calculate the greatest common divisor of 15 and d.
15
Let v(p) = -p**3 + 21*p**2 + 17*p - 8. Let y be v(21). Suppose -y = -4*t + 5*d - 31, 0 = -3*t + 5*d + 241. What is the highest common divisor of 11 and t?
11
Let n(d) = -d**3 - 7*d**2 - 5*d + 8. Let j be n(-6). Suppose -8*p - j*w = -3*p - 153, p = 3*w + 34. What is the greatest common divisor of p and 248?
31
Suppose -14*i = -18*i - 40. Let x(h) = h**3 + 12*h**2 + 18*h + 4. Let r be x(i). What is the highest common factor of 84 and r?
12
Suppose -48 = -25*o + 29*o. Let k be 15*1 + 9 + o. What is the highest common divisor of 30 and k?
6
Let s = -67 - -299. What is the highest common factor of s and 72?
8
Let l(y) = -y**2 + 6*y - 4. Let r be l(3). Suppose -r*t - 42 = -8*t. Calculate the highest common factor of 154 and t.
14
Let d(i) = -21*i**2 - i. Let f be d(-1). Let j = f + 23. Suppose -j*n - 4 = -10. Calculate the greatest common factor of n and 1.
1
Suppose 0 = -6*s + 2*s + 80. Let u(z) = -z**3 + 21*z**2 - 19*z + 15. Let f be u(s). What is the greatest common divisor of 70 and f?
35
Let w(y) = y**3 - 2*y**2 + 3. Let a be w(3). Let i be (22/(-8))/((-1)/a). Let d be (-1 + 2)*(11 - 0). Calculate the greatest common divisor of d and i.
11
Let j(v) = v. Let o be j(2). Suppose -i = -14 - o. Suppose 1088 = 32*c + 2*c. What is the greatest common factor of c and i?
16
Let y = -585 - -909. Suppose 3*r = -0*r + y. What is the greatest common factor of 72 and r?
36
Suppose -2*w - 6 = 2*o, -w + 4*o = 3*w + 52. Let u = 8 + w. Suppose u = 2*y - 5*y + 54. Calculate the highest common factor of 27 and y.
9
Let b be (15/25)/(2/10). Suppose -b*f - 20 = -8*f. What is the greatest common divisor of f and 20?
4
Let c = -9 + 11. Let j be 2 - (2 + 2) - c. Let g be 32/6 + j/12. What is the greatest common divisor of 40 and g?
5
Suppose 2*v - 10 = -10. Suppose 7*f - 9*f + 36 = v. What is the greatest common factor of f and 108?
18
Let d be 2/9 - (-259)/9. Suppose -31 - d = -3*v. Calculate the highest common divisor of v and 80.
20
Let t be 14/(-91) + 6634/26. What is the greatest common divisor of t and 30?
15
Suppose 2391 + 109 = 5*n. What is the greatest common factor of 20 and n?
20
Let s(b) = b**3 - 6*b**2 + 5*b + 4. Let i be s(5). Let y be i - ((7 - 3) + 0). Suppose 5*h + y*h = 315. Calculate the highest common factor of h and 7.
7
Let q be 1/1 + 2 + 4. Let j(x) = x**3 + 6*x**2 - 18*x - 14. Let g be j(-8). Suppose 2 + 12 = g*w. What is the greatest common factor of q and w?
7
Suppose -4*c = 3*p - 2